 remainder when w(16) is divided by 57?
56
Let b be ((-14)/(-2) - 1)*(-32)/(-12). Calculate the remainder when 59 is divided by ((-105)/(-10))/(8/b).
17
Let c = -249 + 209. Suppose j + 3*j = 356. Let n = c + j. Calculate the remainder when n is divided by 25.
24
Let w(f) = -f**3 + 13*f**2 + 82*f + 15. Calculate the remainder when w(16) is divided by 180.
19
Suppose 0 = 3*p + 2*d, 5*d = 10*d + 15. Calculate the remainder when -57*(4 - p)/(-2) is divided by 32.
25
Suppose -20*f + 966 = -4374. Suppose 6*v - 3*v - f = 0. Calculate the remainder when v is divided by 19.
13
Let n(s) = 16*s - 1. Let z = 84 + 19. Suppose -12*w + 53 = -z. What is the remainder when n(4) is divided by w?
11
Let h be (-3 + 4/4)/(8/20). Calculate the remainder when 125 is divided by (848/h)/(-4) + (-12)/(-20).
39
Let r be 0 + 5/3*3. Suppose -62*v = -103*v - 1025. What is the remainder when 9 is divided by r/(v/5) + 5?
1
Suppose 0 = -5*g - 4*k + 562, 5*k = -32*g + 28*g + 446. Calculate the remainder when 117 is divided by g.
3
Suppose -i + 17 + 41 = p, -i + p + 66 = 0. Calculate the remainder when i is divided by 25.
12
Let z(v) = v**2 + 20 + 15*v + v + 20*v + 5*v. Calculate the remainder when (1*-2)/((-1)/18) is divided by z(-41).
16
Suppose -4*q + 114 = -i, -5*i = -3*q - 9*i + 95. Suppose -22*o - 900 = -31*o. What is the remainder when o is divided by q?
13
Let u(i) = -i**3 - 13*i**2 - 42*i + 34. What is the remainder when 116 is divided by u(-8)?
16
Suppose 4*i + 12 = -4, 2*i = 4*s + 568. Calculate the remainder when 257 is divided by 174/8 - 2 - 36/s.
17
Let s = -129 + 133. Suppose 3*t = -4*v + s*t + 235, -226 = -4*v - 2*t. What is the remainder when 109 is divided by v?
51
Let k(b) = -46*b + 162. What is the remainder when 1619 is divided by k(0)?
161
Let j(u) = 2*u**2 + 68*u + 69. Let g be j(-33). Let p = g - -19. What is the remainder when 175 is divided by p?
21
Let u = -20 + 23. Suppose -u*k = 2*k, 2*w - 3*k + 2 = 0. What is the remainder when -1 + (-3)/((-16)/(-18) + w) is divided by 14?
12
Let g = 9453 - 9434. Calculate the remainder when 867 is divided by g.
12
Let o be 5/(-20) + 831/12. Suppose -81 = -3*m + o. Suppose 10*y - m = 160. What is the remainder when y is divided by 6?
3
Suppose 122 = 12*p + 62. Suppose -3*b + p*q = -70, -20*b + 15*b + 98 = q. Suppose -4*g + 120 = g. What is the remainder when g is divided by b?
4
Suppose -18411 = -54*o - 1656 + 12243. Calculate the remainder when o is divided by 30.
27
Suppose s = -5*j + 101, -9*j + 1 = -8*j + 5*s. What is the remainder when 431 is divided by (96/56)/(((-2)/j)/(-1))?
17
Suppose -24619*w + 24604*w = -780. What is the remainder when w is divided by 24?
4
Suppose 0 = -4*s - 5056 + 1096. Let y be s/(-11) + (-8)/2. Let z = -25 + y. Calculate the remainder when 181 is divided by z.
59
Let v(r) = -436*r + 38. Let x(d) = 109*d - 9. Let g(z) = 4*v(z) + 18*x(z). What is the remainder when g(1) is divided by 21?
19
Calculate the remainder when (-18189)/(-36) + 195/52 is divided by 47.
39
Let s(q) = -q**3 - 20*q**2 - 90*q - 15. Let c be s(-15). Let a = c - 158. Calculate the remainder when 99 is divided by a.
47
Let w = -2717 - -2748. Calculate the remainder when 693 is divided by w.
11
Suppose -2*h - 6*h = -4392. What is the remainder when h is divided by 93?
84
Let x be (-2 + 1)*-11 + 5. Suppose 4*b - 8 = 0, 5*q + 2 + x = -b. Calculate the remainder when 70 is divided by q - (3 + -41) - -2.
34
Suppose 15*i + 820 = 11*i + 8*i. Calculate the remainder when 6352 is divided by i.
202
Suppose -3*a = -7*r + 3*r - 84, 0 = 2*a - r - 56. Suppose -w + 22*w - 760 + 172 = 0. Calculate the remainder when w is divided by a.
0
Let a be (-82)/615 - (141/(-45) - 2). Suppose 33*v = 34*v + 4*l - 12, -a*v + 126 = -2*l. What is the remainder when 213 is divided by v?
21
Let y = -45 - -111. Suppose -3*z + 50*d + 753 = 47*d, -d + 4 = 0. Calculate the remainder when z is divided by y.
57
Suppose -2*p = 4*n - 50, 5*n + 126 = 5*p - 29. What is the remainder when 2429 is divided by p?
22
Let c = -1 - -1. Let r be (-93)/(-5)*1250/750. Suppose c = -2*t - 3 + r. What is the remainder when 24 is divided by t?
10
Let l(b) = b**2 - 383*b - 6076. Calculate the remainder when 942 is divided by l(-16).
18
Let u = 103 - -51. Let l = 159 - u. Calculate the remainder when (-1 + -1)/(4/(-46)) is divided by l.
3
Let u be -26*(126/4)/9. Let c(y) = 9*y + 46. Let h be c(-16). Let w = u - h. Calculate the remainder when 39 is divided by w.
4
Suppose 24*t + 20*t = 207 + 145. Calculate the remainder when 507 is divided by t.
3
Let h(q) = 6*q - 180. Let g(b) = b - 36. Let i(u) = 21*g(u) - 4*h(u). Calculate the remainder when 32 is divided by i(-16).
8
Let t(i) = 11*i**2 - 438*i - 245. What is the remainder when t(48) is divided by 151?
149
Suppose b = 5*y + 60 + 5, -65 = 5*y - 3*b. Let i be 88/4 - 1/(-1). Let w = y + i. What is the remainder when w is divided by 4?
2
Suppose 0 = -19*h + 72 + 4. Suppose 0 = -4*r - r - 5*n + 300, -2*n - 228 = -h*r. Calculate the remainder when r is divided by 9.
4
Let r(j) = -2*j**3 + 38*j**2 - 60*j - 104. What is the remainder when 0 + (1 - 0) + 61 is divided by r(17)?
30
Let d(t) = 5*t + 49. Let r be d(-7). Suppose -16*z = -9*z + r. Calculate the remainder when (z - -54) + (-4 - -5) is divided by 31.
22
Suppose -2*p + 4 + 4 = 0. Let o be (292/(-12))/(4/(-12)). Suppose 5*u + o = 4*s, 16 + 51 = p*s + u. What is the remainder when 66 is divided by s?
15
Suppose -4*k - 224 = -4*a + 192, -5*a + 534 = -3*k. What is the remainder when 686 is divided by a?
20
Let u = 26 + -15. Let l(h) = -10*h + 46. Let f be l(11). Let b = f + 82. What is the remainder when b is divided by u?
7
Let f be ((-14)/4 - -3)/(4/(-64)). Suppose -3*p + 11 + 110 = -4*t, 2*t = -f. Suppose 5*o = 10*o - p. Calculate the remainder when 74 is divided by o.
4
Let m(f) = -f**3 + 5*f**2 + 29*f + 10. Calculate the remainder when 705 is divided by m(-6).
9
Let y be (81 - -2) + (-5)/((-5)/(-4)). Suppose y*u + 396 = 88*u. Calculate the remainder when u is divided by 18.
8
Suppose 0 = 6*d - 1653 + 1023. Calculate the remainder when 725 is divided by d.
95
Suppose -44 = -5*q - 3*a, -5*q = 4*a - 11 - 36. What is the remainder when q + 2076/18 - 2/(-3) is divided by 33?
24
Calculate the remainder when -4*(-5)/120 + (-21161)/(-42) is divided by 124.
8
Suppose -2*k + 4*o = -102 - 378, -3*k = -2*o - 728. Calculate the remainder when k is divided by (19 + -164)/(-5) - (-2 + 0).
27
Let o = -3537 + 4129. What is the remainder when o is divided by 206?
180
Let m(c) = 124*c**3 - 2*c**2 + 3*c - 3. Let u be m(2). Suppose 0 = -52*p - 64 + 1364. Calculate the remainder when 0 + -2 - u/(-21) is divided by p.
20
Suppose 397*c - 409*c = -108. Calculate the remainder when 78 is divided by c.
6
Let h be (-78)/12*(0 - 2). Suppose -2*f + 3 - 5 = 0. Let r = h - f. What is the remainder when r is divided by 11?
3
Let l(x) = -x**3 - 17*x**2 + 422*x + 51. Calculate the remainder when l(-31) is divided by 53.
52
Let k(o) = -o**3 + 14*o**2 - 43*o - 2. Let z be -2 + (-3 - (3 - 16)). What is the remainder when 69 is divided by k(z)?
31
Suppose 5*m - 75 = 740. What is the remainder when m is divided by (3/2 + 0)/((-810)/3564)*-5?
31
Let t(m) = -m**2 - 5*m + 7. Let x be t(-5). Suppose -x*n - 229 = -1328. What is the remainder when n is divided by 3/((-215)/(-100) + -2)?
17
Let h(d) = -114*d**2 + 3*d - 4. Suppose -6*b + 0 = -6. Let k be h(b). Let f = -113 - k. Calculate the remainder when 7 is divided by f.
1
Suppose -5*m + 186 = 2*g - 4*m, -93 = -g + 5*m. Calculate the remainder when (-4)/6 - (-203)/3 is divided by ((-54)/(-4))/(g/124).
13
Suppose 1 = -n + c, 0 = -n - 2*c + 6 - 7. Calculate the remainder when 0/n + 7956/36 is divided by 32.
29
Calculate the remainder when 2223 is divided by 3 - 22/2 - (-18 + 2).
7
What is the remainder when 49*(-10)/(-5) - -2 is divided by 87?
13
Let r(l) = -26*l + 15*l - 14 + 13*l. Let a be r(8). Suppose 30 + 28 = a*v. Calculate the remainder when 112 is divided by v.
25
Let c(z) = 7*z**3 + 3*z**2 + 7*z - 18. What is the remainder when c(3) is divided by 150?
69
Let f be (-5 + -1)*117/18. Let r = f + 51. Suppose r*j - 479 - 145 = 0. Calculate the remainder when j is divided by 19.
14
Let o(t) = -5*t - 42. Let d be o(-18). Suppose 0 = 6*j - 3*j - d. Let w(u) = -2